 + b. Let r = 84 - 17. What is the remainder when r is divided by b?
21
Let w = 2 - 1. Let n = -746 - -748. Let h = n + w. What is the remainder when h is divided by 1?
0
Let o(q) be the third derivative of 17*q**4/24 + q**3 + 3*q**2. Let a be -1*(38/(-8) - (-54)/72). What is the remainder when o(a) is divided by 25?
24
Let b(w) = 2*w**2 + 18*w + 17. Let j be b(-8). Let t(d) = 75*d**3 + d. What is the remainder when t(j) is divided by 40?
36
Calculate the remainder when 8295/84 - (-2)/8 is divided by 40.
19
Suppose -2*n + 309 = 5*i, 153 = -14*n + 15*n + 3*i. Calculate the remainder when n is divided by 81.
0
Let y = 17 - 12. Let m = 10 - 0. Let k = m - -9. What is the remainder when k is divided by y?
4
Suppose 5*p - 5*h = 440, 3*h - 24 = -12. What is the remainder when 178 is divided by p?
86
Let a(x) = 9*x + 60. Calculate the remainder when 1032 is divided by a(1).
66
Let b = 201 - 102. Calculate the remainder when 293 is divided by b.
95
Let g(n) = -2*n - 4*n**2 - 3*n**2 + 9 + 0*n**3 - n**3. Suppose -3*o = o - 24. What is the remainder when g(-7) is divided by o?
5
Let u(w) = -w**2 + 7*w + 2. Let p = 3 - 3. Suppose 4 = i - 4*q - p*q, 0 = -2*q. Calculate the remainder when u(i) is divided by 8.
6
Calculate the remainder when 307 is divided by (-6 + 105)*(-4)/(-18).
21
Suppose m - 63 = 5*i, -i - 119 = -3*m - 0*i. Calculate the remainder when 139 is divided by 1 + 1/(2/m).
19
Let o = -150 - -252. What is the remainder when o is divided by 5?
2
Let h = -227 + 236. Suppose -4*r = -2*r - 32. What is the remainder when r is divided by h?
7
Suppose 2*d - 2*a = 6, 0 = 5*d - 2*a - 15 - 3. Suppose -138 = d*n - 10*n. Suppose t + t + 46 = 4*l, 1 = -l - 2*t. What is the remainder when n is divided by l?
5
Suppose -4*y = s - 94, -5*s = -y - y - 360. Let l = s + -38. Suppose 0 = 7*u - 3*u - l. Calculate the remainder when u is divided by 3.
0
Suppose 0 = 3*i - 1 - 8, 44 = d + 3*i. Suppose -x + 8 = -d. What is the remainder when x is divided by 15?
13
Let r = -116 + 210. Let l = 135 - r. Calculate the remainder when l is divided by 24.
17
Let d(i) = i + 3. Let f be d(-3). Let s = 3 + 24. What is the remainder when s is divided by (f + 1)*(5 + 2)?
6
Let q = -62 + 121. Suppose -2*d - 161 = -5*f, -d + 0*d = 2*f - q. Calculate the remainder when f is divided by ((-4)/(-8)*1)/(1/22).
9
Suppose 2*d = -3*m - 167 + 191, 3*m + d = 27. Suppose -v = -15 - 43. What is the remainder when v is divided by m?
8
Let a(n) = n**3 - 6*n**2 + 7*n - 7. Let z be a(6). What is the remainder when 14 is divided by 150/z - (-2)/(-7)?
2
Let m = -19 - -14. Let t be (-3)/(15/14)*m. Let v = 18 - t. What is the remainder when 4 is divided by v?
0
Suppose 5*g + 24 = -n + 3*n, -4*g - 60 = -4*n. What is the remainder when 1/(35/n - 2) is divided by 10?
7
Calculate the remainder when (-141)/((-35)/5 + 6) is divided by 12.
9
Let x = -147 - -215. Suppose 0*p - x = -4*p. Calculate the remainder when 30 is divided by p.
13
Let o(p) = -p + 14. Let s be o(10). Suppose s*g - 3 = 9. What is the remainder when 4 - -2 - (0 + 0) is divided by g?
0
Let l(v) = 10*v - 9*v - 13*v - 7*v - 77. What is the remainder when l(-10) is divided by 40?
33
Calculate the remainder when 0 + 177 - (4 + (-12 - -10)) is divided by 45.
40
Let h = -119 - -129. Let f = 43 - h. Calculate the remainder when 164 is divided by f.
32
Let m = 371 - 179. Suppose -m = 22*a - 25*a. Suppose -21 = b - a. What is the remainder when b is divided by 15?
13
Suppose 51*c - 58*c + 84 = 0. Calculate the remainder when 71 is divided by c.
11
Suppose i + 18 = -2*i. Suppose 5*o = 51 - 1. What is the remainder when (4/i)/(o/(-585)) is divided by 10?
9
Let u = 333 - 322. Calculate the remainder when u is divided by (-1)/5 - (-52)/10.
1
Suppose a + 16 = 5*a. Suppose -a*s + 13 = -119. What is the remainder when 62 is divided by s?
29
Let r(n) = 5*n**2 - 7*n + 4. Calculate the remainder when (46/4)/((-1)/(-6)) is divided by r(2).
9
Let n be -2 + 4 + -1 + 19. Let h = n - 9. Let b(a) = a**3 - 12*a**2 + 13*a - 12. What is the remainder when b(h) is divided by 7?
3
Let c = -821 - -874. Calculate the remainder when c is divided by 15.
8
Let j = -29 - -124. Calculate the remainder when j is divided by 32.
31
Suppose -t - 40 = -2*q, q = -3*t + 29 - 2. Let l(i) be the second derivative of 11*i**3/3 - 7*i**2/2 + 17*i. Calculate the remainder when l(3) is divided by q.
17
Let t be 0 + -4 + 4 - (1 + 2). Calculate the remainder when 33 is divided by (4*t)/(2/(-3)).
15
Suppose 2*i - 2*j = 34 + 38, -111 = -3*i + 2*j. What is the remainder when 193 is divided by i?
37
Let i be (-2)/7 + (-30)/(-7). Suppose -4*b = -4*d + 16, i*b = 3*d - 2 - 9. Calculate the remainder when (-45)/(-5) + 1 + b is divided by 7.
4
Suppose m + 89 = 3*m + y, -2*m = -y - 83. Calculate the remainder when 128 is divided by m.
42
Let o = -247 + 263. Calculate the remainder when 137 is divided by o.
9
Suppose -98 = -4*j + 38. Suppose c = -3*o + 299, 0*o - 3*c = 3*o - 303. What is the remainder when o is divided by j?
31
Let w be (-32 - -12)*12/(-15). Suppose -c + 5*h = -w, 36 = 5*c - 3*h - 22. Calculate the remainder when 3/(-2)*318/(-9) is divided by c.
9
Let x = -27 - -8. Let z = x - -18. What is the remainder when 47 + z/(-1 - -2) is divided by 16?
14
Suppose 0 = -2*c + 4*l + 14, 4*c - 2*l = -6 + 28. Suppose c*f = 2*h + 178 - 54, 9 = 3*h. Calculate the remainder when 75 is divided by f.
23
Suppose -95 = -5*s + 3*i, -2*s - 4*i - 4 = -s. Suppose 3*y - 110 - 45 = -5*l, 2*l - 8 = 0. What is the remainder when y is divided by s?
13
Calculate the remainder when 60 is divided by 172/(-215) + 318/10.
29
Let d(f) = f**3 - 4*f**2 - 9*f + 1. What is the remainder when d(6) is divided by 3?
1
Let v = -124 - -141. Let a = -56 + 105. Calculate the remainder when a is divided by v.
15
Suppose -3*v = 212 - 734. Let r(l) = -2*l**2 + 61*l - 199. What is the remainder when v is divided by r(26)?
34
Let u = 0 + -3. Let t(g) = 2 + 5*g**2 + 9*g**2 - 3 - 2*g - 6*g**2. Calculate the remainder when t(u) is divided by 20.
17
Suppose 2*j - 7 - 42 = -5*l, 0 = -2*l + 4*j + 34. What is the remainder when (41/(-3))/(-4*(-27)/(-324)) is divided by l?
8
Let a(y) = y**2 + 10*y + 3. Let x be 5/10 + 1/2. Let d = -12 - x. Calculate the remainder when a(d) is divided by 15.
12
Let l be ((-12)/(-8) + 1)*2. Suppose 3*r + 143 = 7*r + f, 0 = l*r - 2*f - 195. What is the remainder when r is divided by 13?
11
Let a = 0 - -3. Let o be ((-11)/(55/50))/(-2). Suppose -4*w - 69 = -a*z, -o*w - 6 = -21. Calculate the remainder when z is divided by 10.
7
Let k(a) = a**2 - 16*a + 34. What is the remainder when 6 is divided by k(14)?
0
Suppose 5301 = 3*c + 28*c. What is the remainder when 519 is divided by c?
6
What is the remainder when 113 is divided by (-120)/4*16/20*-1?
17
Suppose 0*a - 5*a = -4*u - 197, -170 = -4*a - 3*u. What is the remainder when 154 is divided by a?
31
Let r = 1791 + -1754. Calculate the remainder when 48 is divided by r.
11
Let u = 587 - 543. What is the remainder when 80 is divided by u?
36
Let z(t) = 19*t**2 - 2. Let b(q) = -19*q**2 + 1. Let x(d) = -3*b(d) - 2*z(d). Suppose 6*w = 222 - 0. What is the remainder when w is divided by x(-1)?
17
Let q = 912 + -885. What is the remainder when 295 is divided by q?
25
Let a(t) = -3*t + 8. Let h be a(-7). Let r = h + -16. Calculate the remainder when 21 is divided by r.
8
What is the remainder when 164 is divided by 1 + -4 + (33 - 2)?
24
Suppose 0 = -5*l + q + 362, l - 5*q - 96 = -14. Suppose 0 = 2*x + 4*x - l. Calculate the remainder when 130 is divided by x.
10
Suppose -84*z + 85*z = 85. Calculate the remainder when z is divided by 44.
41
Let t be 99/22 + (-1)/2. Suppose -t*n = 12, 0*n = -3*m + 5*n + 264. Calculate the remainder when m is divided by 21.
20
Suppose 0 = 4*l - 2*l - 2. Calculate the remainder when (-1 + -144)*(-14)/35 is divided by -3*(-5 - l) + -3.
13
Suppose 12*q + 52 - 220 = 0. Let m be 3/(-2 + (-22)/(-8)). What is the remainder when (-78)/m*-2*1 is divided by q?
11
What is the remainder when 151 is divided by 68 - (-27)/(-18)*6?
33
Calculate the remainder when (-15136)/(-160) - 6/(-15) is divided by 56.
39
Calculate the remainder when (-2)/13 + (-121)/143 - -128 is divided by 43.
41
Let o = 16 + -58. Let w = 57 + o. Calculate the remainder when 85 is di